{"id":27,"date":"2011-05-06T22:55:37","date_gmt":"2011-05-06T22:55:37","guid":{"rendered":"http:\/\/www.toyservice.ro\/stories\/?page_id=27"},"modified":"2013-04-26T23:08:14","modified_gmt":"2013-04-26T21:08:14","slug":"contact","status":"publish","type":"page","link":"https:\/\/toyservice.ro\/stories\/contact\/","title":{"rendered":"Contact"},"content":{"rendered":"<p>Dac\u0103 dori\u0163i s\u0103 lua\u0163i leg\u0103tura cu noi, exist\u0103 trei moduri de a face acest lucru:<br \/>\n\u00cen primul r\u00e2nd, telefonic:<br \/>\nTehnic: 0758.118.093, pentru detalii lucr\u0103ri, sfaturi, recomand\u0103ri;<br \/>\nManagement: 0758.118.090, pentru orice altceva.<\/p>\n<p>\u00cen al doilea r\u00e2nd: \u00eencerca\u0163i s\u0103 posta\u0163i un comentariu pentru orice articol crede\u0163i c\u0103 merit\u0103, sau este de interes pentru dumneavoastr\u0103.<br \/>\nCerem doar adresa de e-mail &#8211; \u015fi nu este necesara crearea unui nou login; aveti \u015fi un formular de contact pe aceast\u0103 pagin\u0103, astfel \u00eenc\u00e2t puteti s\u0103-l utiliza\u0163i.<br \/>\nVom \u00eencerca din toate puterile sa va ajutam, sau sa va indrumam catre cineva care poate.<\/p>\n<p>\u00cen al treilea r\u00e2nd: Avem o c\u0103su\u0163\u0103 po\u015ftal\u0103: OP 77 CP 2 Bucure\u015fti, Rom\u00e2nia, pentru situa\u0163ii de urgenta, \u015fi, de asemenea, un e-mail:<br \/>\n<span style=\"color: #ff0000;\">w<\/span> <span style=\"color: #3366ff;\">e<\/span> <span style=\"color: #00ff00;\">b<\/span> <span style=\"color: #ff99cc;\">m<\/span> <span style=\"color: #cc99ff;\">a<\/span> <span style=\"color: #800080;\">s<\/span> <span style=\"color: #800000;\">t<\/span> <span style=\"color: #008000;\">e<\/span> <span style=\"color: #00ccff;\">r<\/span> <strong>at<\/strong> <span style=\"color: #ff00ff;\">toyservice.ro<\/span><br \/>\n(A\u0163i \u00een\u0163eles &#8211; e scris a\u015fa pentru spider-i&#8230;)<\/p>\n","protected":false},"excerpt":{"rendered":"<p>Dac\u0103 dori\u0163i s\u0103 lua\u0163i leg\u0103tura cu noi, exist\u0103 trei moduri de a face acest lucru: \u00cen primul r\u00e2nd, telefonic: Tehnic: 0758.118.093, pentru detalii lucr\u0103ri, sfaturi, recomand\u0103ri; Management: 0758.118.090, pentru orice altceva. \u00cen al doilea r\u00e2nd: \u00eencerca\u0163i s\u0103 posta\u0163i un comentariu pentru orice articol crede\u0163i c\u0103 merit\u0103, sau este de interes pentru dumneavoastr\u0103. Cerem doar adresa &hellip; <a href=\"https:\/\/toyservice.ro\/stories\/contact\/\" class=\"more-link\">Continue reading<span class=\"screen-reader-text\"> &#8220;Contact&#8221;<\/span><\/a><\/p>\n","protected":false},"author":1,"featured_media":0,"parent":0,"menu_order":6,"comment_status":"open","ping_status":"closed","template":"","meta":{"ngg_post_thumbnail":0},"language":[13],"_links":{"self":[{"href":"https:\/\/toyservice.ro\/stories\/wp-json\/wp\/v2\/pages\/27"}],"collection":[{"href":"https:\/\/toyservice.ro\/stories\/wp-json\/wp\/v2\/pages"}],"about":[{"href":"https:\/\/toyservice.ro\/stories\/wp-json\/wp\/v2\/types\/page"}],"author":[{"embeddable":true,"href":"https:\/\/toyservice.ro\/stories\/wp-json\/wp\/v2\/users\/1"}],"replies":[{"embeddable":true,"href":"https:\/\/toyservice.ro\/stories\/wp-json\/wp\/v2\/comments?post=27"}],"version-history":[{"count":16,"href":"https:\/\/toyservice.ro\/stories\/wp-json\/wp\/v2\/pages\/27\/revisions"}],"predecessor-version":[{"id":137,"href":"https:\/\/toyservice.ro\/stories\/wp-json\/wp\/v2\/pages\/27\/revisions\/137"}],"wp:attachment":[{"href":"https:\/\/toyservice.ro\/stories\/wp-json\/wp\/v2\/media?parent=27"}],"wp:term":[{"taxonomy":"language","embeddable":true,"href":"https:\/\/toyservice.ro\/stories\/wp-json\/wp\/v2\/language?post=27"}],"curies":[{"name":"wp","href":"https:\/\/api.w.org\/{rel}","templated":true}]}}